(t - -6)*8 + 2 is divided by 12?
10
Suppose 0 = 87*b - 72*b - 3750. Calculate the remainder when b is divided by 8.
2
What is the remainder when 74 is divided by (-3)/(18/(-96)) + (-1 - 2)?
9
Let c = -10 + 17. Let o(v) = -v**3 - 14*v**2 - 18. Let k be o(-14). Let w = 45 + k. Calculate the remainder when w is divided by c.
6
Suppose -2741 = -13*r - 544. Calculate the remainder when r is divided by 10.
9
Let g = -1 - -3. Let q(d) = 4*d**2 + 2*d + 2. What is the remainder when q(0) is divided by g?
0
Suppose 2*w - 5*j - 4 = 13, -2*w = -4*j - 14. What is the remainder when 13 is divided by w/(4*(-3)/15 - -1)?
3
Calculate the remainder when (8/(160/1170))/((-2)/(-4)) is divided by 32.
21
Suppose -2*u + 3*u = 5. Let t(q) = q**2 - 5*q + 4. Let k be t(u). Calculate the remainder when 114 is divided by (-174)/9*(-6)/k.
27
Suppose 704 = 2*a + 4*r - 1072, 0 = -4*r - 20. What is the remainder when a is divided by 30?
28
Let g = 123 + -103. What is the remainder when 398 is divided by g?
18
Let l(j) = -j + 10. Suppose -13 = -5*q + 4*q. Let u be l(q). Calculate the remainder when 45 is divided by 24 - u - (0 - -4).
22
Suppose -4*l = -5*x + 488, -3*x + 4*l + 37 = -251. What is the remainder when x is divided by 28?
16
Suppose 4*y = 8*y - 140. Suppose 5*v + y = 6*v. Calculate the remainder when 100 is divided by v.
30
Calculate the remainder when 98 is divided by 20/(-16) + 3 + 4/16.
0
Let q(n) = n**3 + 15*n**2 - 5*n - 16. Calculate the remainder when q(-15) is divided by 15.
14
Suppose -x + 288 = 5*x. What is the remainder when x is divided by 6?
0
Suppose -3*p = 2*a - 43, -4*p - 4*a + 46 = -6. Suppose o - 3*s = -2*s + 67, o = -2*s + 52. What is the remainder when o is divided by p?
11
Suppose 1104 = 17*h - h. Suppose -u - 3 = -1. What is the remainder when h is divided by 24/(u*(-2)/4)?
21
Let f be (264/16)/(2/4). Let x = f + -26. Calculate the remainder when 13 is divided by x.
6
Let v be (7/((-14)/596))/1. Let t = -211 - v. Calculate the remainder when t is divided by 15.
12
Suppose 3*k - v - 77 = 6, -4*v + 88 = 3*k. Suppose 4*s + 252 = 312. What is the remainder when k is divided by s?
13
Let a(n) = n**3 - 7*n**2 - 10*n + 9. Let t be a(8). Let i = t - -25. Suppose -d = -6*d + 350. What is the remainder when d is divided by i?
16
Suppose 4*m = g + 3*g + 60, 3*m + 2*g = 25. Calculate the remainder when 184 is divided by m.
8
Let q = -149 - -241. What is the remainder when q is divided by 6?
2
Let f(h) = -4*h**3 - 2*h**2 - 6*h - 6. Let w = -4 - -8. Let n = w + 7. What is the remainder when f(-2) is divided by n?
8
Suppose 3*n = -2*c + 1975, 0 = 5*n - 2*n - 3*c - 1950. Calculate the remainder when n is divided by 110.
105
Let b be (-5 + 7)/(3*6/117). Suppose -p = 4, p - 28 = -3*n + b. What is the remainder when n is divided by 2?
1
Suppose -10*n + 5*n = 5*t - 75, -5*t - 4*n = -70. What is the remainder when 146 is divided by t?
6
Calculate the remainder when 0 + (-782)/(-4) - 18/(-12) is divided by 50.
47
Let x(q) = q**2 + 4*q - 9. Let b be x(-6). Suppose -b*g - 5*a + a = -71, -2*a = -5*g + 101. Let i = g + -2. Calculate the remainder when 54 is divided by i.
16
Suppose -5*f + 119 = -76. Calculate the remainder when 279 is divided by f.
6
Let h(d) = 13*d**3 + 2*d**2 - 1. Let r be (-6)/(-10) - (4 - (-88)/(-20)). What is the remainder when 66 is divided by h(r)?
10
Let r(a) = -70*a + 2. Let x = -13 - -10. Let l be r(x). Calculate the remainder when l/20 + (-4)/(-10) is divided by 6.
5
Suppose 661*k = 670*k - 243. What is the remainder when 53 is divided by k?
26
Let f = 90 - 65. What is the remainder when f is divided by 9?
7
Let j(a) = -15*a**3 - 3*a**2 - 6*a - 4. What is the remainder when j(-2) is divided by 20?
16
Let u be (-3)/(-18)*2*12. Let l be (-7)/(42/u)*3. Calculate the remainder when l/11 - (-3320)/110 is divided by 8.
6
Let k = -3 + 13. Suppose 0 = -0*q - q + 2. Suppose q*i - 89 + 15 = 0. Calculate the remainder when i is divided by k.
7
Let l(r) = r - 1. Let m(x) = -2*x**2 + x - 3. Let b = 1 - -1. Let p(i) = b*l(i) - m(i). Calculate the remainder when p(5) is divided by 19.
18
Suppose 4*h - 84 = -4*t, 0 = t + 3*h - 5*h - 12. What is the remainder when 158 is divided by t?
14
Let j = -236 - -257. Calculate the remainder when 130 is divided by j.
4
Suppose 0 = 2*r + 4, r = -2*s - 3*r. Suppose -y + 99 = 3*y + c, s*c = 2*y - 54. Let z = 27 - 18. What is the remainder when y is divided by z?
7
Suppose -168 = -14*u + 2*u. What is the remainder when 78 is divided by u?
8
Let j = 33 + -31. Suppose -5*h = 4*b - 15, -5 = -2*b + j*h - 5*h. What is the remainder when 34 is divided by b?
4
Suppose -31 = y + 5*a, 5*y - 3*y - 3*a + 49 = 0. Let c = -50 - y. What is the remainder when 25 is divided by (-150)/c - (-6)/8?
4
Suppose -53 = -3*l + 145. Calculate the remainder when l is divided by 34.
32
Let q = -823 + 831. What is the remainder when 110 is divided by q?
6
Let r = 16 - 23. Suppose -3*p - 5*l + 37 = 0, -2*p = -0*l + l - 13. Calculate the remainder when (r/(-3))/(1/3) is divided by p.
3
Suppose w = -12 + 15. What is the remainder when 19 is divided by (-2)/((-6)/45*w)?
4
Suppose 5*d + 3*m - 712 = 0, 0 = -3*d - m + 611 - 187. What is the remainder when d is divided by ((-114)/(-171))/((-6)/(-423))?
46
Let c = -294 + 529. What is the remainder when c is divided by 80?
75
Let t be 74 - (-3)/(1 + 0). Let u = 34 - t. Let z = -21 - u. Calculate the remainder when z is divided by 8.
6
Suppose 0 = 13*d - 8*d. Suppose 2*y + 2*v + 1016 = d, -1479 = 3*y + 2*v + 47. Calculate the remainder when y/(-8) + 5/20 is divided by 22.
20
What is the remainder when 143 is divided by (-63)/(-14) - 4/(-2 + 10)?
3
Let x be (-2)/12 + 231/(-18). Let h = -6 - x. Suppose -6 + 28 = 2*g. What is the remainder when g is divided by h?
4
Let u(j) = -2*j + 28. Let q be u(12). Suppose -5*s - 209 = -q*o, 0*o - o + 41 = s. Calculate the remainder when o is divided by 24.
22
Let r = 3 - 8. What is the remainder when 4 is divided by 12 + r - 6/(-2 - -4)?
0
Calculate the remainder when (180/105)/((-8)/(-252)) is divided by 15.
9
Let n(z) = 2*z**3 + 11*z**2 + z - 3. Suppose 570 = 5*w + 2*g, 2*g = -4*w + 133 + 321. Calculate the remainder when w is divided by n(-3).
38
Suppose -z = -3*z + 7*p + 233, -223 = -2*z + 5*p. What is the remainder when z is divided by 25?
24
Let w(h) = -h**2 - 17*h - 18. Let m be w(-14). What is the remainder when 1 + 320/m*42/8 is divided by 18?
17
Let v(d) be the first derivative of -5*d**2 - 9*d - 1. Suppose 4*o + 5 = -3. What is the remainder when v(o) is divided by 3?
2
Let r = -7 + -5. Let g be (-1566)/r - (-1)/(-2). Let h = g - 89. Calculate the remainder when h is divided by 7.
6
Let h = 9 - 7. Suppose 0 = -h*u + 5*u - 222. Let n = 71 + -46. What is the remainder when u is divided by n?
24
Suppose 4*l = -5*j + 264, 5*j + 198 = -17*l + 20*l. Calculate the remainder when 254 is divided by l.
56
Suppose -104 = -3*h - 2*b, -117*h + 2*b - 180 = -122*h. Calculate the remainder when h is divided by 35.
3
Suppose 3*k = -0*k + 12. Let i(t) = -k*t**2 + t**3 + 1 - 3*t**2 - 14*t - 2*t + 4*t. What is the remainder when i(9) is divided by 14?
13
Let l(n) = -n**2 + 12*n - 15. What is the remainder when l(6) is divided by 7?
0
Suppose -9*m - 16*m + 6275 = 0. What is the remainder when m is divided by 88?
75
Let c(z) = 3*z**3 - 4*z + 3 + 0*z**2 + 0*z**2 - 3*z**2. What is the remainder when c(3) is divided by 12?
9
What is the remainder when 16 is divided by (-7 - 4) + 238/17?
1
Let n(m) = -12*m. Let a be -4 - -1 - (-9 + 7). Let s be n(a). Let i(r) = r**3 - 12*r**2 - r + 16. Calculate the remainder when 10 is divided by i(s).
2
Suppose 66*k = 60*k + 150. What is the remainder when 174 is divided by k?
24
Let t = 400 + -201. Suppose -20*n = -22*n + 50. Calculate the remainder when t is divided by n.
24
Let b(o) = 41*o**2 - 40*o**2 + o**3 + 96 - 29*o**2 - 3*o. Let t(j) = j**2 - 5*j + 5. Calculate the remainder when b(28) is divided by t(5).
2
Suppose 0 = -4*h + 8, 0*h + 15 = i + h. Suppose -18*o = -11*o - 252. Calculate the remainder when o is divided by i.
10
Let s be -3 + 3 + 0/3. Suppose s = 6*p - 72 - 36. Let x = 21 + 31. What is the remainder when x is divided by p?
16
Suppose -63 = -4*t + 109. Suppose 27*l - 448 = -l. Calculate the remainder when t is divided by l.
11
Let